= -2*l + 3*l + 3. Calculate w(l).
6
Let f = -62 - -62. Let u(g) = -2*g**2 - 7*g + 3. Let n(b) = -b**2 - 4*b + 2. Let d(z) = 5*n(z) - 3*u(z). Give d(f).
1
Suppose 0 = -4*l + 4*r - 16, 17 = -3*l + 5*l + 3*r. Let g(a) = 7*a**2 - 4*a**2 + 46*a**3 + 4*a - 47*a**3 - l. What is g(4)?
-1
Let q(x) = -2*x + 5*x**2 - 6*x**2 - 3*x. Suppose 2*u + 2*u = 0. Let r be u - (0 + 0 + 4). Calculate q(r).
4
Let c(i) = 1 - 3 + 0 + i**2 + i**3 - 5*i**2. Suppose 1 + 3 = j. Calculate c(j).
-2
Suppose -4*x = -2*k - 46, 3*k - 11 = -2*x - 0*k. Let t(j) = 2*j**3 + 3*j - x - j**3 + 6 + j**2 - 8*j. Determine t(-3).
-7
Let b(i) = -i**3 - 2*i**2 + i - 2. Let z(a) = 3*a**3 + 5*a**2 - 4*a + 5. Let f(x) = -8*b(x) - 3*z(x). What is f(3)?
-5
Let r be (-1)/(-2) + 3/(-2). Let a = -1 + 0. Let u = a - r. Let c(h) = h + 2. What is c(u)?
2
Let y(r) = 4*r - 17. Let o = 37 + -32. Let d be y(o). Let g(u) be the second derivative of u**3/3 + u**2 + u. Calculate g(d).
8
Let h(m) = 2*m - 2. Let a be 2*-2*((-15)/(-6) - 1). What is h(a)?
-14
Suppose v + 8 = -3*r, 4 = 3*v + 3*r - 2. Let f = v + 0. Let x(g) = g + 8*g**2 + f*g**2 - 8*g**2. Calculate x(1).
8
Let x(d) = d**2 + 3. Let s be x(0). Let l be (10/8)/(s/(-12)). Let q(i) = -3*i**2 - 7*i + i - 1 - i**3 - 3*i**2. Give q(l).
4
Let x(a) be the second derivative of -1/12*a**4 + 0*a**3 + 1/2*a**2 + 5*a + 0. Give x(2).
-3
Let p(r) = -r**2 - 2*r + 12. Let g(l) be the third derivative of -l**4/24 + l**3/6 - l**2. Let a(o) = -5*g(o) + p(o). What is a(5)?
-3
Let i(z) = 7*z. Suppose o + 12 = -8. Let r be 12/o - (-8)/5. Give i(r).
7
Let t(m) be the third derivative of m**5/30 + m**4/8 - m**2. Let w(x) = x**2 - 4*x - 7. Let v be w(5). Give t(v).
2
Let l(z) be the second derivative of z**3/6 + 2*z**2 + z. Let q(c) = c**2 - 8*c + 5. Let i be q(7). Let j be i/(-10) + (-1)/5. Determine l(j).
4
Let x be (-1)/((-13)/(-7) + -2). Suppose -2 = -f + 3*l, 17 = 5*f - l + x. Let t(h) = h**2 - 2*h + 1. Calculate t(f).
1
Let y be ((-3)/(-6))/((-2)/(-32)). Let m(r) = -y + r**3 - 3*r - 6*r**2 - r + 6*r. Let g be m(6). Let b(p) = -p**2 + 5*p + 3. Calculate b(g).
7
Let a(z) = -z**3 + 5*z**2 + 5*z - 16*z - 2 + 8*z. Determine a(4).
2
Let n(g) = 6*g**2 + 4*g - 2. Let y(r) = r**2 + r. Let x(q) = n(q) - 5*y(q). Determine x(-2).
4
Suppose 18 = 4*c - 2. Let y = 3 - c. Let i = -2 - y. Let w(g) = g**3 - g**2 - 8. What is w(i)?
-8
Let p(h) = h**3 + 6*h**2 - 8*h - 2. Suppose 0 = -3*g + 6*g - 48. Suppose 26 = -6*o - g. What is p(o)?
5
Let x(y) = -y + 1. Suppose -5*d - 2 = -4*c - 3*d, -3*d = 4*c - 27. Suppose -4 = m - c. Determine x(m).
2
Let h(t) be the third derivative of t**6/120 - t**5/60 + t**4/12 - t**3/3 + 27*t**2. Give h(2).
6
Let n(r) = r**3 - 5*r**2 + 4*r. Let s(v) be the first derivative of v**4/4 - 2*v**3/3 + v**2 - 4. Let f be s(2). Calculate n(f).
0
Suppose 3*y - 3 = 9. Let g(p) = -p**3 + 2*p**2 + 7*p - 5. Determine g(y).
-9
Let j(g) = -g**2 + 2*g + 9. Let q be j(5). Let w(u) = -u - 4. Give w(q).
2
Let x(q) = q - 2. Suppose -5*w = 3*t - 6, 0 = 3*t - 5*w + 2*w - 6. Let f be (-2)/((2 - 3) + -1). Let g = f + t. What is x(g)?
1
Let y(f) = -2*f - 2. Let a = -4 + 1. Let l = 5 + a. Calculate y(l).
-6
Let w(o) = -o**2 - 3*o - 3. Let n be 6/9 + (-2)/(-6). Let q = -3 + n. Give w(q).
-1
Let h(a) = 5*a**2 - 3*a - 2. Suppose -4*w - 3 = -7, -3*w - 7 = 5*t. Give h(t).
24
Let j(r) = -r - 3. Let a be j(-5). Let s(v) = -2*v**3 + 3*v**2 - v. Give s(a).
-6
Let a(v) = 2*v + 4. Let d be 2/3 - 10/15. Let t = -2 + d. Let o = -5 - t. Give a(o).
-2
Let v(a) = -3 - 6*a - 14*a**2 - 7*a**2 + 23*a**2. Give v(5).
17
Suppose 3*g + 36 = -3*g. Let n(h) = h**2 + 7*h - 5. Calculate n(g).
-11
Let n(m) = -m**3 + m**2 + m - 1. Let o(p) = p**3 - 2*p**2 - 3*p + 1. Let j(h) = -2*n(h) - o(h). What is j(-1)?
-1
Let b(h) = -h**2 - h - 6. Let g be b(-6). Let c = g - -50. Let t(i) = -5*i**2 + 17*i - c*i - 1 + i**3 + 6. Calculate t(4).
1
Let n(t) = 3*t - 2. Let q be 2 + 0/((-16)/4). Calculate n(q).
4
Suppose 3*k = 8 - 5. Let v(i) = 1. Let z be 2/3 + 51/(-9). Let s(f) = f + 5. Let g(l) = k*s(l) + z*v(l). What is g(5)?
5
Let n(a) = a + 6. Let h = -2 + -2. What is n(h)?
2
Let x(n) = -2*n - 2 + 2 + 2*n**2. Let s(p) = p**3 - 4*p**2 + 6*p - 7. Let y be s(3). Give x(y).
4
Let x be -3 + 1 - (-2 + -5). Suppose -l + 12 = -x*l. Let d(h) = 3*h + 3. Determine d(l).
-6
Let h(m) be the third derivative of m**5/30 + m**4/12 - m**3/6 + 3*m**2. Let u(x) be the first derivative of h(x). Give u(-2).
-6
Suppose -16 = -j - 3*j. Suppose 1 + 3 = -i, j*t - 4*i = -4. Let d(p) = -p - 3. Calculate d(t).
2
Let g(q) = q**3 - q**2 - q + 1. Suppose 5*k + f = 10, 2*k = 3*f - f - 8. Let b(y) = -2*y**3 - y**2 + 1. Let p(l) = k*g(l) + b(l). Determine p(-2).
4
Let j(b) = -7*b - 5. Let y(n) = n + 1. Let w(h) = -j(h) - 6*y(h). Suppose 0*a = 4*a - 36. Let x = a - 7. Determine w(x).
1
Let s(o) = 5*o**3 - 13*o**2 + 21*o + 5. Let l(r) = -r**3 + 3*r**2 - 5*r - 1. Let f(b) = -9*l(b) - 2*s(b). Let v be (-32)/10 + 2/10. Calculate f(v).
8
Suppose -3*p + 5 = -p + u, 13 = 5*p + 2*u. Let v(z) = z**2 - 5*z + 3. Let g be v(5). Let t(d) = -p*d + d + 3 - 2*d - d**g + 3*d**2. What is t(3)?
-9
Let n be (2 - 5)/(3/(-2)). Let b(u) be the third derivative of -u**5/30 + u**4/12 + u**3/3 - 20*u**2. What is b(n)?
-2
Suppose 28 = -5*w - 2*n, 5*n + 0*n + 40 = -5*w. Let u(i) = i**2 - i. Let j(m) = -4*m**2 + m + 3. Let a(x) = -j(x) - 3*u(x). Calculate a(w).
5
Let l(d) = -3*d**2 + 11*d - 3. Let b(p) = 5*p**2 - 17*p + 4. Let j(m) = 5*b(m) + 7*l(m). Let a(z) = -z**2 + 3*z. Let i(x) = -7*a(x) - 2*j(x). What is i(-5)?
2
Let u(a) = 7*a. Suppose 4*s - 3 = 3*s. Suppose -5*q + 2 = l, 2*q + 42 = -s*l + 3*q. Let o be (-12)/(-66) + l/11. Give u(o).
-7
Let d(s) = -s**3 + 1. Let i(p) = 3*p**3 - 5*p**2 - 3*p - 2. Let h(w) = 2*d(w) + i(w). Calculate h(6).
18
Suppose -5*i - 4 = -3*i. Let q be 5 - (0 - i) - 3. Let k(c) = -c**2 - 2. Determine k(q).
-2
Let c(p) = -p**2 + 7*p - 7. Let r be 4/(-4) + 0 - -6. Calculate c(r).
3
Let v(j) = -j - 1. Let d(s) = s + 6. Let f(i) = d(i) + 5*v(i). Let u(x) = x**2 + 4*x + 2. Let y be u(-3). Let k be -1 - (-2 - y - -1). Calculate f(k).
5
Let l(f) be the first derivative of -3/2*f**2 + 0*f + 1/3*f**3 - 10. Determine l(4).
4
Let w(o) = -o. Let d(c) = -2*c + 1. Let q(t) = -2*d(t) + 6*w(t). Determine q(-5).
8
Suppose -23 = -3*v - 8. Let b(s) = -v*s + 0*s + 2*s**2 - s**2 + 4. Let k(n) = n + 2. Let i be k(2). What is b(i)?
0
Suppose -2*a - 3*a = 0. Suppose 4*d - 32 = -4*w, -w - 13 + 6 = -4*d. Let z(c) = d*c**2 - c**3 + a*c**2 - c - 2 + 1. Determine z(3).
-4
Let g(o) = o + 1. Let y(l) = l**2 + 6*l. Let z(v) = -g(v) + y(v). What is z(-4)?
-5
Let h(r) be the first derivative of 2 - 1/4*r**4 + r**3 + 0*r + 3/2*r**2. Determine h(4).
-4
Suppose -3*y + 43 = -14. Let u = 16 - y. Let l(q) = -3*q**2 + 8*q + 2. Let j(n) = 4*n**2 - 12*n - 3. Let c(m) = -5*j(m) - 7*l(m). Give c(u).
-2
Let y(d) = d**3 + 4*d**2 + 3*d + 2. Let a(f) = f**3 + 4*f**2 - 6*f - 5. Let m be a(-5). Suppose -3*g - 2*g - 15 = m. Determine y(g).
2
Let k(h) = h - 3. Suppose o + 101 = -4*a, 4*a - 3*o + 85 = 4. Let c be (6/(-8))/(3/a). Give k(c).
3
Let r(z) = z - 12. Suppose -20*h - 63 + 243 = 0. What is r(h)?
-3
Suppose -2*v + 5*v = -21. Let m(o) = -o**2 - 7*o + 2. Give m(v).
2
Let g(s) = -4*s + 6. Let u(p) = -4*p + 6. Let m(i) = 6*g(i) - 5*u(i). Give m(4).
-10
Let z(o) = o**3 - 4*o**2 - o - 5. Suppose -l + 3 = 2*l. Let u be 1 + (2 + l - 0). Determine z(u).
-9
Let o(w) = -w**2 + 5*w + 8. Let f(t) = 3*t**2 - 2*t + 10. Let j(h) = -h**2 - 1. Let b(p) = f(p) + 4*j(p). Let m be b(0). Give o(m).
2
Let f(x) = -x**3 + 6*x**2 - 4*x - 7. Let m(a) = a**2 - 20*a + 24. Let r be m(19). Calculate f(r).
-2
Let z(l) be the third derivative of l**6/120 - l**5/60 + 7*l**3/6 - 5*l**2. What is z(0)?
7
Let s(l) = 17*l + 46. Let i(u) = 3*u + 9. Let o(z) = 11*i(z) - 2*s(z). Suppose f - 3*w - 16 = 0, 2*f - 3*w = 4*f + 4. Determine o(f).
3
Let c(l) be the first derivative of l**4/4 - l**3 - 5*l**2/2 + 3*l + 2. Let j be 2/3 - 3/(-9). Let s be (11 + j)*1/3. Give c(s).
-1
Suppose -2*k + 3 = -1. Let v(a) = -3*a**2 - a + 2. Give v(k).
-12
Let o(d) = 4*d. Let n(h) = 3*h. Let q(a) = 3*n(a) - 2*o(a). Let r = -34 - -38. Calculate q(r).
4
Let s(j) = -2*j + 15. Let q(t) = t - 10. Let f(a) = -8*q(a) - 5*s(a). Suppose 0 = 4*n + 5*x - 10, -6*n - 31 = -11*